q - 1 + 7. Suppose 0 = q*l + l - 44. List the prime factors of l.
11
Let c = 5 - -7. Suppose -w - 3*w = -c. Suppose -2*t - 10 = -w*t. What are the prime factors of t?
2, 5
Let d be (-7)/9 - 6/27. Suppose -5*v + 2*n = -35 + 3, -5*n + 20 = 0. Let z = v + d. What are the prime factors of z?
7
Let a = -10 - -11. Let w be 1/(a/(-46)*2). Let c = 32 + w. List the prime factors of c.
3
Suppose -13*y + 380 = -8*y. List the prime factors of y.
2, 19
Let x = 8 + -5. Suppose 2*u - 9 + x = 0. List the prime factors of u.
3
Suppose 0 = -5*b, 4*b = -3*u + b + 687. What are the prime factors of u?
229
Suppose 0 = f + 7 + 3. Let n = f - -4. What are the prime factors of 2/n*(-31 - 2)?
11
Let c(d) = 2*d**2 - 12*d - 15. What are the prime factors of c(12)?
3, 43
Let l(i) = -1 + 9 + 3 + 1 + i. Let h be l(-7). Suppose -12 = -2*y - h*x, -5*y - 5*x + 2 = -58. What are the prime factors of y?
2
Suppose -20 = -x + 4*h, -4*x + 50 = -0*h - h. Suppose 0 = -5*u - 11 + 31. Suppose -u*l + 0*l + x = 0. List the prime factors of l.
3
Let u = -3 - -5. Let q be (36 - (-3 + 1)) + u. Suppose -3*x = -z + 1 - 2, x = 4*z - q. What are the prime factors of z?
11
Let v = -230 + 426. Let x be 8/44 + v/11. What are the prime factors of ((-12)/(-9))/(2/x)?
2, 3
Suppose -2*w + 6*w = -24. Suppose -3*f + 14 = -16. Let z = f + w. What are the prime factors of z?
2
Let z = -15 - -29. What are the prime factors of z?
2, 7
List the prime factors of (-1)/(-3*(-3)/(-90)).
2, 5
Let t(l) = 8*l**3 - 3*l + 2. What are the prime factors of t(2)?
2, 3, 5
Suppose 2*q - 16 = -2*q. Suppose 8*x + 10 = 3*x, 9 = s + q*x. Let f = s - 9. List the prime factors of f.
2
Suppose -94 = -2*o + 2*z, 0 = -4*o + 2*o + 5*z + 79. What are the prime factors of o?
2, 13
Let s(r) = -r**3 - r**2 - 5. Let t = 2 + -2. Let u be s(t). Let a = u - -14. What are the prime factors of a?
3
Let m(n) = -5*n + 3 + 4*n - 4 + 3. List the prime factors of m(0).
2
List the prime factors of (-2)/5 - 4656/(-40).
2, 29
Suppose 5*i + 42 - 274 = -4*j, 2*j = 4*i + 116. List the prime factors of j.
2, 29
Let n = -34 + 86. What are the prime factors of n?
2, 13
Let z = 197 + -130. List the prime factors of z.
67
Let q = 101 + -60. Let v = 72 - q. List the prime factors of v.
31
Suppose -4*o - 5*s + 58 = -27, 134 = 5*o - 3*s. List the prime factors of o.
5
Let i = -14 - -23. Let z = i + -4. Suppose -3*b - 28 = -4*n - z*b, -2*b = 5*n - 36. What are the prime factors of n?
2
Let i = -27 - -39. Suppose -3*s + 18 = 3*f, -3*f - s = -6*s - 2. What are the prime factors of (-3)/i + 9/f?
2
Suppose 5*c - 14 = -a + 2, 1 = a. Suppose c*d + 5 = 3*z + 2, 0 = -5*d + 2*z + 1. What are the prime factors of -1*(-13 + (d - -1))?
11
Let x(o) = -2*o**3 - o**2 - 2*o - 1. Let q be x(-1). Let h = 4 - q. What are the prime factors of h?
2
Let l be 0 + 2 - (0 - -6). Let v be 3 + l + 0 + 5. List the prime factors of v/(-12) + 20/6.
3
Suppose 62 - 14 = 4*l. Suppose -i = i - l. What are the prime factors of 21/i + (-3)/6?
3
Suppose -10 = -3*q + 2*o + 2, 2*o = -2*q + 8. Let t(l) = 6 + l**2 - 2*l**2 - 2 + 4*l. List the prime factors of t(q).
2
Suppose 75 = -0*f + 3*f. What are the prime factors of f?
5
Suppose -22 = -4*o + 2*m, m = -0*m + 1. What are the prime factors of o?
2, 3
Suppose -2*z = 2*z - 4*p - 12, 4*z = -4*p + 28. Suppose 0 = -z*b - k + 15, -4*k - 30 = -2*b - 2. What are the prime factors of b?
2
Let o = -5 - -8. Suppose 0 = -o*q + 2*q + 2, 2*v - 28 = 5*q. List the prime factors of v.
19
Let w be -1*-5*2/(-2). Let k = w - -14. List the prime factors of k.
3
Suppose 3*u - 35 = -5*a, 5*a + 1 = 4*a + u. Suppose 0*r = -a*s - r + 25, -2*s = 4*r - 16. List the prime factors of s.
2, 3
Suppose -2*l - 2 = -26. List the prime factors of l.
2, 3
Let o(a) = 19*a + 1. Let c be o(1). Suppose c = 3*i - 1. List the prime factors of i.
7
Let z(f) = 8*f - 3. Suppose 5*u - 20 = -5*r, 2*u - 12 = -3*r + 3*u. List the prime factors of z(r).
29
Suppose 0 = -5*t - 0*t - 15. Let s be ((-4)/(-6))/(t/81). List the prime factors of ((-4)/(-12))/((-2)/s).
3
Let x(b) = -b**2 + 8*b - 7. Let y be x(5). Let q = 6 + y. List the prime factors of q.
2, 7
Let s(j) = -j**3 + 13. Let t(u) = u + 5. Let d be t(-5). What are the prime factors of s(d)?
13
Suppose -2*b = -0*b. Let h = b - 1. Let j(k) = 13*k**2 + 1. List the prime factors of j(h).
2, 7
Let g(j) = j**3 + 8*j**2 + 5*j + 2. What are the prime factors of g(-6)?
2, 11
Suppose -3*x = -5*c + 6, -7*c = -3*c - 4*x. Suppose -6*i = -c*i - 33. List the prime factors of i.
11
Suppose 2*n - 7 = 33. Suppose -5*q + n = -0*q, 0 = -2*i + 4*q + 14. Suppose 0 = 6*t - 11*t + i. List the prime factors of t.
3
Suppose -4*b = -107 - 165. Suppose r = -r + b. What are the prime factors of r?
2, 17
Let i = 0 + 2. Let v be (9 + -8)*1/1. List the prime factors of 7*2/i - v.
2, 3
Let g(r) = r**3 - 7*r**2 + 7*r - 5. Let w be g(6). Let i(c) = 21*c**3 + 2*c**2 - 1. What are the prime factors of i(w)?
2, 11
Suppose k + 4*v + 13 = -0*k, -4*v - 17 = 5*k. Let m = k - -1. Suppose y + 4 - 12 = m. What are the prime factors of y?
2
Suppose -24 = o - 2*y, o + y + 93 = -2*o. Let r = o + 61. What are the prime factors of r?
31
Let a(x) = -x**2 - x - 2. Let l be a(-5). Let y = l - -38. List the prime factors of y.
2
Suppose -3*c + 6 = 0, d + 4 - 83 = 5*c. What are the prime factors of d?
89
Let s(o) = -o**2 - 8*o + 4. Let g be 2/(-4) - (-33)/(-6). List the prime factors of s(g).
2
Suppose -15*h = -14*h - 13. What are the prime factors of h?
13
Let w = -67 - -47. Let a(j) = -j + 13. Let v be a(10). What are the prime factors of (w - -2)*(-2)/v?
2, 3
Let k(g) = -2*g**3 - 6*g**2 + g + 12. What are the prime factors of k(-6)?
2, 3, 37
Let o(k) = 12*k**2 - 3*k + 2. List the prime factors of o(2).
2, 11
Let p(m) = -m**3 + 8*m**2 + 10*m - 4. Let i be p(9). Suppose -4*o + 62 = 18. Let y = o - i. What are the prime factors of y?
2, 3
Let k(i) = 7*i - 12. Let h(y) = -y. Let z(a) = 2*h(a) + k(a). List the prime factors of z(8).
2, 7
Let n(x) = x**3 + 11*x**2 - 5*x + 13. What are the prime factors of n(-11)?
2, 17
Let q(d) be the third derivative of 0*d - 7/6*d**3 + 1/12*d**4 + 3*d**2 + 0. What are the prime factors of q(5)?
3
Let i(a) = a**3 - 7*a**2 + 6*a + 2. Let v be i(6). Let k be -4 + v - (7 - -2). Let q = k - -17. List the prime factors of q.
2, 3
Let d be (-28)/21 + (-172)/(-3). Suppose 22*y = 20*y + d. List the prime factors of y.
2, 7
Suppose -3*j - 5*s + 4 = 0, 2*s = -j - s. Let x = -1 + j. List the prime factors of x.
2
Let m(k) = -k**3 - 3*k**2 + 2*k - 5. Let g(s) = 38*s**2 - s. Let h be g(-1). Let r be h/(-12) - (-3)/(-4). List the prime factors of m(r).
3
Let t = 11 + -7. Let j = 6 + t. What are the prime factors of j?
2, 5
Let s = -39 - -54. List the prime factors of s.
3, 5
Let h be 0*1/(0 - 2). Let a(s) = -s**3 - s**2 - s + 6. List the prime factors of a(h).
2, 3
Suppose 15 = -3*x - 2*x. Let c(o) = 2*o**2 + 19*o - 15. Let j(v) = v**2 + 10*v - 8. Let n(f) = x*c(f) + 5*j(f). List the prime factors of n(-6).
11
Suppose 5*z + 5 = 0, u - 4*u - 3 = 3*z. Suppose -4*k = -0*k - 12. Suppose -k*f + f + 22 = u. What are the prime factors of f?
11
Let j = 1 - -4. Suppose -3*r + 68 = -121. Suppose r + 22 = j*h. List the prime factors of h.
17
Suppose -3*q - 522 = -0*q. What are the prime factors of q/4*(-8)/12?
29
What are the prime factors of 32 - (-2 + -2)/4?
3, 11
Suppose 3*v - 218 = -2*q - v, 5*v = 0. Suppose -q - 5 = -3*p. List the prime factors of p.
2, 19
Let q be (1/(-3))/(7/(-42)). Suppose 3*z + q*y = 156, 6*z - 5*y = 2*z + 208. List the prime factors of z.
2, 13
Let m(a) = -a + 1. Let k be m(-1). Suppose 0 = 4*q - 4 - 12. Suppose -k*t = -q*t + 26. List the prime factors of t.
13
Let c(k) = k**2 + 8*k + 1. Let j be c(-5). Let i(g) = g**3 - 17*g**2 + 31*g + 22. Let f be i(15). Let u = f + j. What are the prime factors of u?
23
Let i(g) = -g + 3. Let t be i(5). Let b = 4 - t. List the prime factors of b.
2, 3
Let b = 11 + -8. Let j = 9 - b. Let g = j - 3. What are the prime factors of g?
3
Let c = -11 + 16. Suppose 5*n = f - 28, c*f + 13 = f - 5*n. What are the prime factors of f?
3
Let x(i) = 8*i**3 + i**2 - 2*i + 1. Let k(c) = 8 - 5 + 9 - c. Let u be k(11). List the prime factors of x(u).
2
Let r(i) = -i**3 - 12*i**2 + 13*i + 15. Let n be ((-3)/1)/6*26. List the prime factors of